2
Calculate the remainder when 27793 is divided by 1125.
793
Calculate the remainder when 221738911 is divided by 268.
267
Calculate the remainder when 16133 is divided by 4023.
41
Calculate the remainder when 247788 is divided by 5383.
170
What is the remainder when 212715 is divided by 475?
390
Calculate the remainder when 577406 is divided by 144267.
338
Calculate the remainder when 137248 is divided by 1599.
1333
Calculate the remainder when 32671423 is divided by 25.
23
Calculate the remainder when 2479700 is divided by 1170.
470
What is the remainder when 7945758 is divided by 8553?
21
Calculate the remainder when 19271 is divided by 2138.
29
What is the remainder when 320133 is divided by 106464?
741
Calculate the remainder when 3277201 is divided by 1092307.
280
Calculate the remainder when 126211404 is divided by 57.
9
What is the remainder when 305168 is divided by 173?
169
Calculate the remainder when 23589 is divided by 2777.
1373
Calculate the remainder when 92906955 is divided by 120.
75
Calculate the remainder when 44641 is divided by 4058.
3
What is the remainder when 2452128 is divided by 12974?
42
What is the remainder when 524015 is divided by 1278?
35
Calculate the remainder when 4466021 is divided by 25090.
1
What is the remainder when 45187703 is divided by 36?
35
What is the remainder when 188370 is divided by 30?
0
Calculate the remainder when 4272498 is divided by 2302.
2288
What is the remainder when 601283 is divided by 9533?
704
Calculate the remainder when 2848583 is divided by 4724.
11
What is the remainder when 8129549 is divided by 191?
16
What is the remainder when 598298 is divided by 600?
98
Calculate the remainder when 252523 is divided by 62575.
2223
What is the remainder when 248904195 is divided by 2913?
2910
Calculate the remainder when 59784 is divided by 6520.
1104
What is the remainder when 92853928 is divided by 17421?
17419
Calculate the remainder when 150301 is divided by 6234.
685
What is the remainder when 15721366 is divided by 8?
6
What is the remainder when 19427 is divided by 18390?
1037
Calculate the remainder when 333260 is divided by 690.
680
What is the remainder when 98804 is divided by 97911?
893
Calculate the remainder when 124995 is divided by 62482.
31
Calculate the remainder when 712687 is divided by 577.
92
What is the remainder when 16685633 is divided by 238366?
13
What is the remainder when 33667 is divided by 1755?
322
What is the remainder when 1744350 is divided by 1744169?
181
Calculate the remainder when 1879632 is divided by 435.
432
What is the remainder when 13404031 is divided by 4467986?
73
Calculate the remainder when 427106 is divided by 71184.
2
Calculate the remainder when 8624796 is divided by 2156166.
132
Calculate the remainder when 3367956 is divided by 3583.
3519
Calculate the remainder when 3916660 is divided by 499.
9
Calculate the remainder when 18371151 is divided by 2192.
2191
Calculate the remainder when 10455398 is divided by 15353.
5
Calculate the remainder when 62427 is divided by 62124.
303
Calculate the remainder when 32697 is divided by 1720.
17
What is the remainder when 20509307 is divided by 919?
903
Calculate the remainder when 51436747 is divided by 1574.
1
Calculate the remainder when 20539743 is divided by 130.
3
Calculate the remainder when 26789892 is divided by 495.
492
Calculate the remainder when 1605608 is divided by 791.
669
Calculate the remainder when 47056159 is divided by 368.
367
What is the remainder when 12058 is divided by 5862?
334
Calculate the remainder when 228032 is divided by 1324.
304
Calculate the remainder when 12245482 is divided by 941960.
2
Calculate the remainder when 1565381 is divided by 958.
9
Calculate the remainder when 431129 is divided by 852.
17
Calculate the remainder when 1641445 is divided by 309.
37
Calculate the remainder when 12134000 is divided by 5528.
40
What is the remainder when 5727976 is divided by 3482?
86
What is the remainder when 18072424 is divided by 1225?
1224
What is the remainder when 2783319 is divided by 414?
411
Calculate the remainder when 1889632 is divided by 1889618.
14
Calculate the remainder when 847308 is divided by 141004.
1284
Calculate the remainder when 59859 is divided by 680.
19
What is the remainder when 52875359 is divided by 4380?
4379
What is the remainder when 278072 is divided by 6045?
2
Calculate the remainder when 4621820 is divided by 768.
764
What is the remainder when 17371 is divided by 5476?
943
Calculate the remainder when 3310663 is divided by 267.
130
What is the remainder when 171929 is divided by 664?
617
What is the remainder when 2340140 is divided by 334305?
5
Calculate the remainder when 53120 is divided by 230.
220
Calculate the remainder when 55393 is divided by 756.
205
What is the remainder when 92387 is divided by 377?
22
Calculate the remainder when 2905806 is divided by 117.
111
What is the remainder when 574808 is divided by 57462?
188
What is the remainder when 9395 is divided by 4866?
4529
Calculate the remainder when 134923 is divided by 2272.
875
What is the remainder when 4004123 is divided by 567?
536
Calculate the remainder when 564233401 is divided by 19.
15
What is the remainder when 98757 is divided by 137?
117
Calculate the remainder when 218406 is divided by 4396.
3002
Calculate the remainder when 222824 is divided by 109160.
4504
Calculate the remainder when 2887587 is divided by 2363.
1
Calculate the remainder when 21174707 is divided by 5520.
5507
What is the remainder when 1489456 is divided by 372364?
0
Calculate the remainder when 332917 is divided by 681.
589
What is the remainder when 1047854426 is divided by 105?
101
What is the remainder when 1536873 is divided by 446?
403
What is the remainder when 289648 is divided by 4255?
308
Calculate the remainder when 7420554 is divided by 20962.
6
What is the remainder when 1484151 is divided by 531?
6
Calculate the remainder when 9294463 is divided by 1433.
25
Calculate the remainder when 49145691 is divided by 49.
14
Calculate the remainder when 2651977 is divided by 3900.
3877
Calculate the remainder when 23026429 is divided by 22.
19
What is the remainder when 613409 is divided by 611865?
1544
Calculate the remainder when 159078 is divided by 14358.
1140
Calculate the remainder when 5307174 is divided by 337.
98
Calculate the remainder when 22095327 is divided by 113.
98
What is the remainder when 88448386 is divided by 21?
19
What is the remainder when 3765741 is divided by 142?
43
What is the remainder when 109547109 is divided by 2468?
2461
What is the remainder when 44705 is divided by 14648?
761
Calculate the remainder when 12112309 is divided by 298.
99
Calculate the remainder when 3948996 is divided by 220.
216
Calculate the remainder when 62989935 is divided by 479.
477
Calculate the remainder when 2920122 is divided by 583647.
1887
What is the remainder when 297491 is divided by 92?
55
Calculate the remainder when 66858883 is divided by 11.
3
What is the remainder when 736519 is divided by 184128?
7
What is the remainder when 2301241 is divided by 543?
7
What is the remainder when 4070987 is divided by 18174?
11
Calculate the remainder when 136728 is divided by 142.
124
What is the remainder when 25852654 is divided by 190093?
6
What is the remainder when 839785 is divided by 41986?
65
Calculate the remainder when 881704 is divided by 2999.
2997
What is the remainder when 212745 is divided by 211002?
1743
What is the remainder when 7410792 is divided by 400?
392
Calculate the remainder when 6251030 is divided by 3146.
3074
Calculate the remainder when 16539424 is divided by 3307884.
4
What is the remainder when 528481 is divided by 58717?
28
Calculate the remainder when 4635622 is divided by 2317781.
60
What is the remainder when 3080161 is divided by 19?
14
What is the remainder when 193186 is divided by 193181?
5
Calculate the remainder when 936271 is divided by 2026.
259
Calculate the remainder when 170969 is divided by 69.
56
Calculate the remainder when 12499694 is divided by 1364.
1362
What is the remainder when 6085 is divided by 5259?
826
Calculate the remainder when 37991 is divided by 219.
104
What is the remainder when 942991 is divided by 314264?
